 Let j = p + n. Calculate the highest common divisor of j and 21.
3
Let m be 6/(-9)*(-1 + -2). Suppose -m*z + 13 = -z. What is the highest common divisor of 117 and z?
13
Let d be (-80)/24*6/(-4). Suppose 0 = d*q - q - 32. Calculate the greatest common divisor of q and 4.
4
Suppose -7*i + 11*i - 28 = 0. Calculate the greatest common divisor of i and 7.
7
Suppose -3*v = 4*r + 2*v - 300, 2*r - v = 136. Suppose -5*o + o = 12. Let y = 7 - o. Calculate the greatest common divisor of r and y.
10
Suppose -12 = -p - 2*p. Suppose -24 = -4*u - 5*y, 0 = 2*u - p*y - 3 + 17. What is the greatest common factor of u and 11?
1
Suppose 5*t + 640 = -5*a, 3*a + 0*t + 394 = 2*t. Let b be (a/8)/(2/(-8)). Suppose 0 = v - 43 + 17. What is the highest common factor of b and v?
13
Let l be (-6)/(-3) - -19*2. Let f be -3*(0 - 1) + l. Let j = 94 - f. Calculate the greatest common divisor of 17 and j.
17
Suppose -13 - 2 = -3*f. What is the highest common divisor of f and 15?
5
Let p = 53 + -35. Let d be 6/(-2)*(-4)/6. Let q = p + d. What is the highest common factor of 5 and q?
5
Suppose -5*h + 75 = -175. What is the highest common factor of 20 and h?
10
Suppose -x - 2 = -5, 5*d - 24 = -3*x. Suppose -c + 3*c - 28 = -d*b, 0 = 5*c + b - 44. Let t = c - 0. Calculate the highest common factor of t and 40.
8
Let f(y) = 13*y - 8. Let o be f(7). Suppose -l = -m - 57, 3*m - o = -3*l + 118. Let k = -44 + l. What is the highest common factor of 2 and k?
2
Let m be (-6)/(-1) - 3 - -18. What is the greatest common divisor of m and 3?
3
Suppose 2*p - 8 + 2 = 0. Let u be -36*((-45)/4)/p. Let q = -19 - -34. What is the highest common factor of u and q?
15
Let o be (-8)/(-3) + (-1)/(-3). Suppose -4*f + 110 = 4*p - o*f, 2*f = 2*p - 50. Calculate the greatest common divisor of p and 9.
9
Let y(o) = o**2 + 4*o - 6. Let s be y(-6). Suppose -s = 2*m - 0. Let g be (-2)/6 - 25/m. Calculate the highest common divisor of g and 64.
8
Suppose -i - 2*i - 3 = 0. Let h(d) = 3*d**2 - 2*d - 1. Let f be h(i). Let p = 44 - 16. What is the greatest common divisor of p and f?
4
Suppose -h + 64 = p - 3*p, 5*h - 3*p = 306. Let g be h/6*33/2. Calculate the greatest common divisor of 15 and g.
15
Suppose y - 3*a + a + 68 = 0, 5*y - 2*a = -300. Let n be y/(-5) - 2/(-5). Calculate the greatest common divisor of n and 24.
12
Let i be (2/2)/((-3)/459). Let v = -73 - i. Suppose v = 3*a + 2*a. Calculate the highest common factor of a and 40.
8
Let o = -35 + 74. Let r be -2*1/2 - -14. What is the greatest common factor of o and r?
13
Suppose -4*w - 3*o = -321, 0 = -4*w - 3*o - 2*o + 319. Suppose -2*j + 18 = -0*j. Calculate the highest common divisor of w and j.
9
Suppose 32 = 3*m + m. Let k = -123 + 179. Calculate the highest common factor of m and k.
8
Let l be -37 - (0/(-4) + -2). Let x = l + 64. What is the highest common divisor of x and 87?
29
Let t be 10/(-10)*(2 + -18). Calculate the highest common factor of 16 and t.
16
Suppose c - 152 = -3*n + 273, 2*n = -c + 284. Let l be 0 + 197 + -1 + 1. Let q = l - n. What is the highest common factor of 14 and q?
14
Let f(l) = -l**3 + 18*l**2 + 43*l - 15. Let v be f(20). What is the greatest common divisor of 360 and v?
45
Let p = -64 - -104. Suppose 0 = -4*h + 3*h + 60. What is the greatest common divisor of h and p?
20
Suppose 2*x - 2 = 6, -2*g + 4*x = -64. Calculate the greatest common factor of 8 and g.
8
Let a be 4*6/8 + 0. What is the highest common factor of 27 and a?
3
Let i be (-13 + 11)*(-46)/4. Let h(m) = -84*m + 1. Let t be h(-3). What is the highest common factor of i and t?
23
Let j be 13 + (6 - 0)/((-6)/(-4)). Calculate the highest common factor of j and 68.
17
Let t be 105/42*(4/10 - -2). What is the greatest common divisor of 96 and t?
6
Suppose 4*a = -5*s + 148 + 93, 3*s - 139 = -a. Let m = s - 15. Calculate the greatest common factor of 6 and m.
6
Suppose 2*t = 5*t - 6. Suppose -n = -1 - t. Suppose -18 = -2*r - 3*d, n*r - 2*d - 53 = -0*d. Calculate the greatest common divisor of 135 and r.
15
Let n(a) = -9*a - 5. Let d be n(-7). Suppose -4*v - 53 = -3*g, -4*g - v + d = -g. Calculate the greatest common divisor of 38 and g.
19
Suppose 0 = 2*y - 2*x - 150, 5*y - x - 18 - 377 = 0. Calculate the highest common divisor of y and 32.
16
Let q(j) = -j**3 - 5*j**2 - j - 3. Let h be q(-5). Let z be h*14 - (-1 - 1). Let b be z*2*3/4. Calculate the highest common divisor of b and 15.
15
Let d be ((-135)/(-12))/(3/8). Let c(r) = 9*r + 1. Let n = -1 - -2. Let v be c(n). Calculate the greatest common divisor of d and v.
10
Let f be (1 - 9/3) + 8. Suppose m + 70 = f*m. Let c = 36 - m. What is the highest common divisor of c and 55?
11
Suppose 3*a + 4 = -0*p - p, 3*p + 12 = -4*a. Suppose -5*y + 3 + 17 = a. Suppose 9*w - 65 = y*w. What is the greatest common factor of 26 and w?
13
Let u(q) = q**3 + 12*q**2 + 13*q - 16. Let j be u(-10). Calculate the greatest common divisor of 216 and j.
54
Let h(k) = -k + 3. Let a be h(3). Suppose -m + p = 15 - a, 5*p - 15 = 0. Let u be m/((45/6)/(-5)). Calculate the greatest common divisor of u and 48.
8
Suppose -40 = 4*h - 9*h. Calculate the highest common factor of h and 2.
2
Let l = -4 - -8. Suppose -l*t + 13 = -3. Calculate the greatest common factor of 4 and t.
4
Let m be -3*(-3)/9*3. Suppose m*v - 20 = -k, 0*v = 2*k - v - 19. Suppose 0*r + 3*i + 31 = 4*r, 4*i = r - k. Calculate the highest common factor of r and 28.
7
Let q = 2 + -1. Let l = 0 + q. Let h be l*9/(-6)*-20. Calculate the highest common factor of h and 15.
15
Let m be 3 - 4 - 1 - -10. What is the greatest common factor of m and 16?
8
Let b(g) = -g**2 + 2. Let q be b(0). Let a be -8*3/(-3) + q. Calculate the highest common divisor of 4 and a.
2
Let u be 8*-3*(-1)/1. Let z(r) = -4*r**2 - 1. Let x be z(-1). Let a be -2 - x - (0 - 0). Calculate the highest common divisor of u and a.
3
Suppose 4*g + l - 177 = 0, -4*g - l + 189 = -4*l. What is the highest common divisor of g and 18?
9
Suppose 0 = 3*h - 7*h + 12, -5*k - 3*h + 59 = 0. What is the highest common divisor of k and 2?
2
Let k(c) = 6*c - 3. Let p be k(6). What is the highest common factor of 3 and p?
3
Let x(t) = t**2 - t - 68. Let z be x(11). Let h(o) = -13*o**3 + 2*o**2 - 1. Let p be h(-1). What is the highest common factor of p and z?
14
Let o(n) = -4*n + 2. Let b be o(-7). Suppose 0 = -4*w - b + 190. Calculate the highest common factor of w and 20.
20
Let t(x) = x**3 + 11*x**2 + 11*x + 14. Let z be t(-10). What is the highest common divisor of 32 and z?
4
Let v = -6 + 28. Calculate the highest common factor of 2 and v.
2
Let f be 10 - (-4 - (-2 + -4)). Suppose 0 = 5*w - 10, -14 = 4*y - 4*w - 198. What is the greatest common factor of f and y?
8
Let o = -208 + 302. What is the greatest common divisor of 141 and o?
47
Let q be (-3)/(2*6/(-8)). Suppose -d + 3 = -2*m, -6*d = -4*d - q. Let l(t) = -36*t**3 - t**2 + 1. Let w be l(m). What is the highest common factor of 4 and w?
4
Let a(v) = -4*v - 5. Let x be a(-4). Let f(y) = -y + 3. Let t be f(2). What is the greatest common factor of t and x?
1
Suppose -16 = 3*x - 67. Suppose -6*z + 2*z + 5*s = -146, 0 = -z + 3*s + 40. Calculate the highest common factor of x and z.
17
Let y be (-10)/(-5) + (-61)/(-1). Suppose 3*q + 3*c = 39, 2*q - y = -q + 5*c. What is the greatest common factor of q and 8?
8
Suppose -6 = -l + 3. What is the highest common divisor of l and 18?
9
Let f(j) = 21*j - 1. Let t be f(1). Suppose 4*b - t = -4. Suppose b*w = 0, 2*p = 3*p + 3*w - 70. What is the highest common divisor of 14 and p?
14
Let b(k) = 2*k**3 - 5*k**2 + 4*k - 1. Let q be b(4). Let u = 16 - 9. What is the highest common divisor of u and q?
7
Suppose -14*c + 9*c + 200 = 0. Calculate the greatest common divisor of 8 and c.
8
Let m be (-28)/(-1)*(-12)/(-8). Suppose 5*j + 30 = 10. Let g be (-2)/j - (-375)/6. Calculate the greatest common divisor of g and m.
21
Suppose 0 = 3*l - 67 - 77. Let x(k) = 3*k**3 + 0*k**3 - 2 - 2*k**3. Let m be x(2). What is the greatest common factor of l and m?
6
Suppose 0*k + 2*k - 56 = 0. Calculate the greatest common divisor of k and 196.
28
Suppose 2*x + 2 = 4*x, 111 = a - x. Suppose 2*y = 2 + 4. Let i = y + 11. What is the highest common divisor of a and i?
14
Let g = -36 - -42. Let a be 258/4 + (-24)/(-16). Calculate the greatest common divisor 